8.
350
Calculate the remainder when 3090330 is divided by 9718.
6
Calculate the remainder when 36158083 is divided by 310.
303
Calculate the remainder when 1349244 is divided by 3315.
39
Calculate the remainder when 2413615 is divided by 460.
455
Calculate the remainder when 13664393 is divided by 4825.
4818
What is the remainder when 64105589 is divided by 16026396?
5
Calculate the remainder when 4117376 is divided by 164694.
26
What is the remainder when 956757 is divided by 318365?
1662
Calculate the remainder when 12968325 is divided by 3315.
45
What is the remainder when 658926 is divided by 4?
2
What is the remainder when 177514 is divided by 584?
562
Calculate the remainder when 789792 is divided by 87741.
123
What is the remainder when 1392984 is divided by 390?
294
Calculate the remainder when 158097299 is divided by 50.
49
Calculate the remainder when 61444 is divided by 212.
176
What is the remainder when 351728 is divided by 21983?
0
Calculate the remainder when 2765807 is divided by 2662.
2651
What is the remainder when 1406486 is divided by 806?
16
What is the remainder when 105577 is divided by 9748?
8097
What is the remainder when 42599 is divided by 2290?
1379
What is the remainder when 17656218 is divided by 1471351?
6
What is the remainder when 213561 is divided by 904?
217
What is the remainder when 18801 is divided by 4005?
2781
What is the remainder when 187597 is divided by 8983?
7937
Calculate the remainder when 1422887 is divided by 1175.
1137
What is the remainder when 2303161 is divided by 3392?
3385
What is the remainder when 25710 is divided by 8493?
231
Calculate the remainder when 358163 is divided by 337.
269
What is the remainder when 103960006 is divided by 883?
1
What is the remainder when 42584774 is divided by 708?
698
What is the remainder when 16309544 is divided by 119923?
16
What is the remainder when 7959567 is divided by 163?
114
What is the remainder when 494398 is divided by 315?
163
What is the remainder when 463522 is divided by 4292?
4278
Calculate the remainder when 7588295 is divided by 163.
156
Calculate the remainder when 122301 is divided by 40705.
186
What is the remainder when 174576272 is divided by 236?
228
Calculate the remainder when 7405 is divided by 2055.
1240
What is the remainder when 120188 is divided by 12010?
88
Calculate the remainder when 38787 is divided by 945.
42
Calculate the remainder when 13517844 is divided by 1142.
1132
Calculate the remainder when 2363893 is divided by 60.
13
What is the remainder when 48830 is divided by 2318?
152
What is the remainder when 462765 is divided by 462677?
88
What is the remainder when 3627 is divided by 1057?
456
Calculate the remainder when 199407 is divided by 66134.
1005
Calculate the remainder when 6301849 is divided by 6301570.
279
Calculate the remainder when 770532 is divided by 234.
204
Calculate the remainder when 1972786 is divided by 480.
466
Calculate the remainder when 1061912 is divided by 6.
2
Calculate the remainder when 192097 is divided by 63591.
1324
What is the remainder when 124524 is divided by 1208?
100
Calculate the remainder when 175874391 is divided by 35174876.
11
What is the remainder when 754984 is divided by 168?
160
Calculate the remainder when 557826 is divided by 5165.
6
Calculate the remainder when 355622 is divided by 907.
78
What is the remainder when 171518 is divided by 34273?
153
What is the remainder when 2766881 is divided by 1380?
1361
Calculate the remainder when 724411 is divided by 962.
25
What is the remainder when 139515 is divided by 4652?
4607
What is the remainder when 106395672 is divided by 687?
669
Calculate the remainder when 483152 is divided by 80524.
8
What is the remainder when 41726 is divided by 526?
172
What is the remainder when 179886 is divided by 1124?
46
Calculate the remainder when 1154983 is divided by 88835.
128
What is the remainder when 136137 is divided by 66801?
2535
Calculate the remainder when 121440879 is divided by 29978.
1
What is the remainder when 4220 is divided by 239?
157
What is the remainder when 153875053 is divided by 51291678?
19
What is the remainder when 849210 is divided by 849154?
56
What is the remainder when 88782 is divided by 14287?
3060
Calculate the remainder when 7417150 is divided by 224757.
169
What is the remainder when 645533 is divided by 1830?
1373
Calculate the remainder when 75447560 is divided by 14.
6
Calculate the remainder when 71042617 is divided by 172016.
9
Calculate the remainder when 631700 is divided by 37126.
558
What is the remainder when 14484513 is divided by 19?
15
What is the remainder when 2113704 is divided by 172?
168
What is the remainder when 1025879 is divided by 412?
411
What is the remainder when 36343 is divided by 35007?
1336
What is the remainder when 25576541 is divided by 2012?
2009
Calculate the remainder when 230725 is divided by 2481.
2473
Calculate the remainder when 978 is divided by 185.
53
What is the remainder when 1891668 is divided by 1118?
12
What is the remainder when 435099 is divided by 217531?
37
What is the remainder when 705016 is divided by 13053?
154
What is the remainder when 197022 is divided by 403?
358
What is the remainder when 132527 is divided by 8278?
79
What is the remainder when 239397 is divided by 1694?
543
What is the remainder when 45977220 is divided by 4307?
4302
Calculate the remainder when 2096694 is divided by 7.
5
What is the remainder when 168105 is divided by 37?
14
What is the remainder when 1635494 is divided by 344?
118
What is the remainder when 1337661 is divided by 6525?
36
Calculate the remainder when 367334 is divided by 4923.
3032
What is the remainder when 45068 is divided by 3224?
3156
Calculate the remainder when 11442853 is divided by 162.
145
What is the remainder when 2992617 is divided by 181?
144
Calculate the remainder when 4426132 is divided by 459.
454
What is the remainder when 811659 is divided by 455?
394
What is the remainder when 784061 is divided by 87105?
116
Calculate the remainder when 19288874 is divided by 65386.
4
Calculate the remainder when 1166585 is divided by 99.
68
What is the remainder when 2813140 is divided by 67?
11
Calculate the remainder when 8438099 is divided by 4.
3
Calculate the remainder when 7994165 is divided by 1112.
1109
Calculate the remainder when 259298 is divided by 634.
626
What is the remainder when 504301511 is divided by 13?
12
Calculate the remainder when 21628804 is divided by 3200.
4
What is the remainder when 20316499 is divided by 3017?
21
Calculate the remainder when 54380 is divided by 5785.
2315
What is the remainder when 561261 is divided by 62359?
30
What is the remainder when 10037180 is divided by 1126?
16
Calculate the remainder when 316588 is divided by 1665.
238
Calculate the remainder when 169037316 is divided by 610243.
5
What is the remainder when 9168 is divided by 859?
578
What is the remainder when 8812078 is divided by 3064?
14
What is the remainder when 6379307 is divided by 336?
11
Calculate the remainder when 22874271 is divided by 1203909.
0
What is the remainder when 54630540 is divided by 4552544?
12
Calculate the remainder when 3582593 is divided by 46.
21
What is the remainder when 5508551 is divided by 2542?
37
Calculate the remainder when 1105210 is divided by 4638.
1366
What is the remainder when 6210459 is divided by 1320?
1179
What is the remainder when 3819396 is divided by 4375?
21
What is the remainder when 21123 is divided by 6981?
180
Calculate the remainder when 9538566 is divided by 71183.
44
Calculate the remainder when 17302 is divided by 346.
2
Calculate the remainder when 3448877 is divided by 480.
77
Calculate the remainder when 4566527 is divided by 268596.
395
What is the remainder when 80830 is divided by 40064?
702
Calculate the remainder when 9301 is divided by 3044.
169
What is the remainder when 115961 is divided by 3483?
1022
Calculate the remainder when 2512891 is divided by 2053.
19
Calculate the remainder when 3413932 is divided by 3413918.
14
Calculate the remainder when 759908 is divided by 759873.
35
Calculate the remainder when 122534 is divided by 260.
74
Calculate the remainder when 33476584 is divided by 4782353.
113
Calculate the re